



{"id":8947,"date":"2017-10-19T10:28:54","date_gmt":"2017-10-19T10:28:54","guid":{"rendered":"https:\/\/museoecologiahumana.org\/wp-content\/uploads\/2017\/10\/1926-val-mujeres-y-ni\u00f1as.tif"},"modified":"2017-10-19T10:28:54","modified_gmt":"2017-10-19T10:28:54","slug":"1926-val-mujeres-y-ninas","status":"inherit","type":"attachment","link":"https:\/\/museoecologiahumana.org\/en\/projects\/evolutionary-and-ecological-anthropology\/attachment\/1926-val-mujeres-y-ninas\/","title":{"rendered":"1926 val mujeres y ni\u00f1as"},"author":2,"featured_media":0,"comment_status":"closed","ping_status":"closed","template":"","meta":{"_acf_changed":false},"class_list":["post-8947","attachment","type-attachment","status-inherit","hentry"],"acf":[],"yoast_head":"<!-- This site is optimized with the Yoast SEO plugin v27.5 - https:\/\/yoast.com\/product\/yoast-seo-wordpress\/ -->\n<title>1926 val mujeres y ni\u00f1as - Museo de Ecolog\u00eda Humana<\/title>\n<meta name=\"robots\" content=\"index, follow, max-snippet:-1, max-image-preview:large, max-video-preview:-1\" \/>\n<link rel=\"canonical\" href=\"https:\/\/museoecologiahumana.org\/wp-content\/uploads\/2017\/10\/1926-val-mujeres-y-ni\u00f1as.tif\" \/>\n<meta property=\"og:locale\" content=\"en_US\" \/>\n<meta property=\"og:type\" content=\"article\" \/>\n<meta property=\"og:title\" content=\"1926 val mujeres y ni\u00f1as - Museo de Ecolog\u00eda Humana\" \/>\n<meta property=\"og:url\" content=\"https:\/\/museoecologiahumana.org\/wp-content\/uploads\/2017\/10\/1926-val-mujeres-y-ni\u00f1as.tif\" \/>\n<meta property=\"og:site_name\" content=\"Museo de Ecolog\u00eda Humana\" \/>\n<meta name=\"twitter:card\" content=\"summary_large_image\" \/>\n<script type=\"application\/ld+json\" class=\"yoast-schema-graph\">{\"@context\":\"https:\\\/\\\/schema.org\",\"@graph\":[{\"@type\":\"WebPage\",\"@id\":\"https:\\\/\\\/museoecologiahumana.org\\\/wp-content\\\/uploads\\\/2017\\\/10\\\/1926-val-mujeres-y-ni\u00f1as.tif\",\"url\":\"https:\\\/\\\/museoecologiahumana.org\\\/wp-content\\\/uploads\\\/2017\\\/10\\\/1926-val-mujeres-y-ni\u00f1as.tif\",\"name\":\"1926 val mujeres y ni\u00f1as - Museo de Ecolog\u00eda Humana\",\"isPartOf\":{\"@id\":\"https:\\\/\\\/museoecologiahumana.org\\\/#website\"},\"datePublished\":\"2017-10-19T10:28:54+00:00\",\"breadcrumb\":{\"@id\":\"https:\\\/\\\/museoecologiahumana.org\\\/wp-content\\\/uploads\\\/2017\\\/10\\\/1926-val-mujeres-y-ni\u00f1as.tif#breadcrumb\"},\"inLanguage\":\"en-US\",\"potentialAction\":[{\"@type\":\"ReadAction\",\"target\":[\"https:\\\/\\\/museoecologiahumana.org\\\/wp-content\\\/uploads\\\/2017\\\/10\\\/1926-val-mujeres-y-ni\u00f1as.tif\"]}]},{\"@type\":\"BreadcrumbList\",\"@id\":\"https:\\\/\\\/museoecologiahumana.org\\\/wp-content\\\/uploads\\\/2017\\\/10\\\/1926-val-mujeres-y-ni\u00f1as.tif#breadcrumb\",\"itemListElement\":[{\"@type\":\"ListItem\",\"position\":1,\"name\":\"MUSEO\",\"item\":\"https:\\\/\\\/museoecologiahumana.org\\\/en\\\/home-museo-ecologia-humana\\\/\"},{\"@type\":\"ListItem\",\"position\":2,\"name\":\"Evolutionary and ecological anthropology\",\"item\":\"https:\\\/\\\/museoecologiahumana.org\\\/en\\\/projects\\\/evolutionary-and-ecological-anthropology\\\/\"},{\"@type\":\"ListItem\",\"position\":3,\"name\":\"1926 val mujeres y ni\u00f1as\"}]},{\"@type\":\"WebSite\",\"@id\":\"https:\\\/\\\/museoecologiahumana.org\\\/#website\",\"url\":\"https:\\\/\\\/museoecologiahumana.org\\\/\",\"name\":\"Museo de Ecolog\u00eda Humana\",\"description\":\"Museo Virtual de Ecolog\u00eda Humana\",\"publisher\":{\"@id\":\"https:\\\/\\\/museoecologiahumana.org\\\/#organization\"},\"potentialAction\":[{\"@type\":\"SearchAction\",\"target\":{\"@type\":\"EntryPoint\",\"urlTemplate\":\"https:\\\/\\\/museoecologiahumana.org\\\/?s={search_term_string}\"},\"query-input\":{\"@type\":\"PropertyValueSpecification\",\"valueRequired\":true,\"valueName\":\"search_term_string\"}}],\"inLanguage\":\"en-US\"},{\"@type\":\"Organization\",\"@id\":\"https:\\\/\\\/museoecologiahumana.org\\\/#organization\",\"name\":\"Museo de Ecolog\u00eda Humana\",\"url\":\"https:\\\/\\\/museoecologiahumana.org\\\/\",\"logo\":{\"@type\":\"ImageObject\",\"inLanguage\":\"en-US\",\"@id\":\"https:\\\/\\\/museoecologiahumana.org\\\/#\\\/schema\\\/logo\\\/image\\\/\",\"url\":\"https:\\\/\\\/museoecologiahumana.org\\\/wp-content\\\/uploads\\\/2025\\\/07\\\/logo-meh.svg\",\"contentUrl\":\"https:\\\/\\\/museoecologiahumana.org\\\/wp-content\\\/uploads\\\/2025\\\/07\\\/logo-meh.svg\",\"width\":1,\"height\":1,\"caption\":\"Museo de Ecolog\u00eda Humana\"},\"image\":{\"@id\":\"https:\\\/\\\/museoecologiahumana.org\\\/#\\\/schema\\\/logo\\\/image\\\/\"}}]}<\/script>\n<!-- \/ Yoast SEO plugin. -->","yoast_head_json":{"title":"1926 val mujeres y ni\u00f1as - Museo de Ecolog\u00eda Humana","robots":{"index":"index","follow":"follow","max-snippet":"max-snippet:-1","max-image-preview":"max-image-preview:large","max-video-preview":"max-video-preview:-1"},"canonical":"https:\/\/museoecologiahumana.org\/wp-content\/uploads\/2017\/10\/1926-val-mujeres-y-ni\u00f1as.tif","og_locale":"en_US","og_type":"article","og_title":"1926 val mujeres y ni\u00f1as - Museo de Ecolog\u00eda Humana","og_url":"https:\/\/museoecologiahumana.org\/wp-content\/uploads\/2017\/10\/1926-val-mujeres-y-ni\u00f1as.tif","og_site_name":"Museo de Ecolog\u00eda Humana","twitter_card":"summary_large_image","schema":{"@context":"https:\/\/schema.org","@graph":[{"@type":"WebPage","@id":"https:\/\/museoecologiahumana.org\/wp-content\/uploads\/2017\/10\/1926-val-mujeres-y-ni\u00f1as.tif","url":"https:\/\/museoecologiahumana.org\/wp-content\/uploads\/2017\/10\/1926-val-mujeres-y-ni\u00f1as.tif","name":"1926 val mujeres y ni\u00f1as - Museo de Ecolog\u00eda Humana","isPartOf":{"@id":"https:\/\/museoecologiahumana.org\/#website"},"datePublished":"2017-10-19T10:28:54+00:00","breadcrumb":{"@id":"https:\/\/museoecologiahumana.org\/wp-content\/uploads\/2017\/10\/1926-val-mujeres-y-ni\u00f1as.tif#breadcrumb"},"inLanguage":"en-US","potentialAction":[{"@type":"ReadAction","target":["https:\/\/museoecologiahumana.org\/wp-content\/uploads\/2017\/10\/1926-val-mujeres-y-ni\u00f1as.tif"]}]},{"@type":"BreadcrumbList","@id":"https:\/\/museoecologiahumana.org\/wp-content\/uploads\/2017\/10\/1926-val-mujeres-y-ni\u00f1as.tif#breadcrumb","itemListElement":[{"@type":"ListItem","position":1,"name":"MUSEO","item":"https:\/\/museoecologiahumana.org\/en\/home-museo-ecologia-humana\/"},{"@type":"ListItem","position":2,"name":"Evolutionary and ecological anthropology","item":"https:\/\/museoecologiahumana.org\/en\/projects\/evolutionary-and-ecological-anthropology\/"},{"@type":"ListItem","position":3,"name":"1926 val mujeres y ni\u00f1as"}]},{"@type":"WebSite","@id":"https:\/\/museoecologiahumana.org\/#website","url":"https:\/\/museoecologiahumana.org\/","name":"Museo de Ecolog\u00eda Humana","description":"Museo Virtual de Ecolog\u00eda Humana","publisher":{"@id":"https:\/\/museoecologiahumana.org\/#organization"},"potentialAction":[{"@type":"SearchAction","target":{"@type":"EntryPoint","urlTemplate":"https:\/\/museoecologiahumana.org\/?s={search_term_string}"},"query-input":{"@type":"PropertyValueSpecification","valueRequired":true,"valueName":"search_term_string"}}],"inLanguage":"en-US"},{"@type":"Organization","@id":"https:\/\/museoecologiahumana.org\/#organization","name":"Museo de Ecolog\u00eda Humana","url":"https:\/\/museoecologiahumana.org\/","logo":{"@type":"ImageObject","inLanguage":"en-US","@id":"https:\/\/museoecologiahumana.org\/#\/schema\/logo\/image\/","url":"https:\/\/museoecologiahumana.org\/wp-content\/uploads\/2025\/07\/logo-meh.svg","contentUrl":"https:\/\/museoecologiahumana.org\/wp-content\/uploads\/2025\/07\/logo-meh.svg","width":1,"height":1,"caption":"Museo de Ecolog\u00eda Humana"},"image":{"@id":"https:\/\/museoecologiahumana.org\/#\/schema\/logo\/image\/"}}]}},"description":{"rendered":"<p class=\"attachment\"><a href='https:\/\/museoecologiahumana.org\/wp-content\/uploads\/2017\/10\/1926-val-mujeres-y-ni\u00f1as.tif'><img loading=\"lazy\" decoding=\"async\" width=\"1\" height=\"1\" src=\"https:\/\/museoecologiahumana.org\/wp-content\/uploads\/2017\/10\/1926-val-mujeres-y-ni\u00f1as.tif\" class=\"attachment-medium size-medium\" alt=\"\" \/><\/a><\/p>\n"},"caption":{"rendered":""},"alt_text":"","media_type":"image","mime_type":"image\/tiff","media_details":{},"post":5688,"source_url":"https:\/\/museoecologiahumana.org\/wp-content\/uploads\/2017\/10\/1926-val-mujeres-y-ni\u00f1as.tif","_links":{"self":[{"href":"https:\/\/museoecologiahumana.org\/en\/wp-json\/wp\/v2\/media\/8947","targetHints":{"allow":["GET"]}}],"collection":[{"href":"https:\/\/museoecologiahumana.org\/en\/wp-json\/wp\/v2\/media"}],"about":[{"href":"https:\/\/museoecologiahumana.org\/en\/wp-json\/wp\/v2\/types\/attachment"}],"author":[{"embeddable":true,"href":"https:\/\/museoecologiahumana.org\/en\/wp-json\/wp\/v2\/users\/2"}],"replies":[{"embeddable":true,"href":"https:\/\/museoecologiahumana.org\/en\/wp-json\/wp\/v2\/comments?post=8947"}],"wp:attached-to":[{"embeddable":true,"post_type":"post","id":5688,"href":"https:\/\/museoecologiahumana.org\/en\/wp-json\/wp\/v2\/posts\/5688"}],"curies":[{"name":"wp","href":"https:\/\/api.w.org\/{rel}","templated":true}]}}

https://museoecologiahumana.org/wp-content/uploads/2017/10/1926-val-mujeres-y-niñas.tif

1926 val mujeres y niñas

<!-- This site is optimized with the Yoast SEO plugin v27.5 - https://yoast.com/product/yoast-seo-wordpress/ -->
<title>1926 val mujeres y niñas - Museo de Ecología Humana</title>
<meta name="robots" content="index, follow, max-snippet:-1, max-image-preview:large, max-video-preview:-1" />
<link rel="canonical" href="https://museoecologiahumana.org/wp-content/uploads/2017/10/1926-val-mujeres-y-niñas.tif" />
<meta property="og:locale" content="en_US" />
<meta property="og:type" content="article" />
<meta property="og:title" content="1926 val mujeres y niñas - Museo de Ecología Humana" />
<meta property="og:url" content="https://museoecologiahumana.org/wp-content/uploads/2017/10/1926-val-mujeres-y-niñas.tif" />
<meta property="og:site_name" content="Museo de Ecología Humana" />
<meta name="twitter:card" content="summary_large_image" />
<script type="application/ld+json" class="yoast-schema-graph">{"@context":"https:\/\/schema.org","@graph":[{"@type":"WebPage","@id":"https:\/\/museoecologiahumana.org\/wp-content\/uploads\/2017\/10\/1926-val-mujeres-y-niñas.tif","url":"https:\/\/museoecologiahumana.org\/wp-content\/uploads\/2017\/10\/1926-val-mujeres-y-niñas.tif","name":"1926 val mujeres y niñas - Museo de Ecología Humana","isPartOf":{"@id":"https:\/\/museoecologiahumana.org\/#website"},"datePublished":"2017-10-19T10:28:54+00:00","breadcrumb":{"@id":"https:\/\/museoecologiahumana.org\/wp-content\/uploads\/2017\/10\/1926-val-mujeres-y-niñas.tif#breadcrumb"},"inLanguage":"en-US","potentialAction":[{"@type":"ReadAction","target":["https:\/\/museoecologiahumana.org\/wp-content\/uploads\/2017\/10\/1926-val-mujeres-y-niñas.tif"]}]},{"@type":"BreadcrumbList","@id":"https:\/\/museoecologiahumana.org\/wp-content\/uploads\/2017\/10\/1926-val-mujeres-y-niñas.tif#breadcrumb","itemListElement":[{"@type":"ListItem","position":1,"name":"MUSEO","item":"https:\/\/museoecologiahumana.org\/en\/home-museo-ecologia-humana\/"},{"@type":"ListItem","position":2,"name":"Evolutionary and ecological anthropology","item":"https:\/\/museoecologiahumana.org\/en\/projects\/evolutionary-and-ecological-anthropology\/"},{"@type":"ListItem","position":3,"name":"1926 val mujeres y niñas"}]},{"@type":"WebSite","@id":"https:\/\/museoecologiahumana.org\/#website","url":"https:\/\/museoecologiahumana.org\/","name":"Museo de Ecología Humana","description":"Museo Virtual de Ecología Humana","publisher":{"@id":"https:\/\/museoecologiahumana.org\/#organization"},"potentialAction":[{"@type":"SearchAction","target":{"@type":"EntryPoint","urlTemplate":"https:\/\/museoecologiahumana.org\/?s={search_term_string}"},"query-input":{"@type":"PropertyValueSpecification","valueRequired":true,"valueName":"search_term_string"}}],"inLanguage":"en-US"},{"@type":"Organization","@id":"https:\/\/museoecologiahumana.org\/#organization","name":"Museo de Ecología Humana","url":"https:\/\/museoecologiahumana.org\/","logo":{"@type":"ImageObject","inLanguage":"en-US","@id":"https:\/\/museoecologiahumana.org\/#\/schema\/logo\/image\/","url":"https:\/\/museoecologiahumana.org\/wp-content\/uploads\/2025\/07\/logo-meh.svg","contentUrl":"https:\/\/museoecologiahumana.org\/wp-content\/uploads\/2025\/07\/logo-meh.svg","width":1,"height":1,"caption":"Museo de Ecología Humana"},"image":{"@id":"https:\/\/museoecologiahumana.org\/#\/schema\/logo\/image\/"}}]}</script>
<!-- / Yoast SEO plugin. -->

1926 val mujeres y niñas - Museo de Ecología Humana

Museo de Ecología Humana

https://museoecologiahumana.org/wp-content/uploads/2017/10/1926-val-mujeres-y-niñas.tif#breadcrumb

Museo Virtual de Ecología Humana

<p class="attachment"><a href='https://museoecologiahumana.org/wp-content/uploads/2017/10/1926-val-mujeres-y-niñas.tif'><img loading="lazy" decoding="async" width="1" height="1" src="https://museoecologiahumana.org/wp-content/uploads/2017/10/1926-val-mujeres-y-niñas.tif" class="attachment-medium size-medium" alt="" /></a></p>
